293
List the prime factors of 781.
11, 71
What are the prime factors of 25907?
7, 3701
List the prime factors of 997.
997
What are the prime factors of 2453?
11, 223
What are the prime factors of 30784?
2, 13, 37
What are the prime factors of 3578?
2, 1789
What are the prime factors of 1175?
5, 47
List the prime factors of 1143.
3, 127
List the prime factors of 26266.
2, 23, 571
What are the prime factors of 1945?
5, 389
List the prime factors of 62448.
2, 3, 1301
List the prime factors of 66.
2, 3, 11
What are the prime factors of 396?
2, 3, 11
List the prime factors of 12136.
2, 37, 41
List the prime factors of 91932.
2, 3, 47, 163
What are the prime factors of 99411?
3, 13, 2549
What are the prime factors of 1823?
1823
What are the prime factors of 3490?
2, 5, 349
List the prime factors of 7900.
2, 5, 79
List the prime factors of 1214.
2, 607
What are the prime factors of 45529?
11, 4139
List the prime factors of 6416.
2, 401
List the prime factors of 13672.
2, 1709
What are the prime factors of 20588?
2, 5147
List the prime factors of 30812.
2, 7703
What are the prime factors of 3104?
2, 97
What are the prime factors of 9903?
3, 3301
List the prime factors of 53579.
131, 409
List the prime factors of 9.
3
What are the prime factors of 66209?
11, 13, 463
What are the prime factors of 12695?
5, 2539
What are the prime factors of 2921?
23, 127
What are the prime factors of 30494?
2, 79, 193
List the prime factors of 194.
2, 97
List the prime factors of 921.
3, 307
What are the prime factors of 1512?
2, 3, 7
What are the prime factors of 952?
2, 7, 17
List the prime factors of 1881.
3, 11, 19
List the prime factors of 20306.
2, 11, 13, 71
List the prime factors of 2276.
2, 569
List the prime factors of 36629.
36629
List the prime factors of 3978.
2, 3, 13, 17
List the prime factors of 12502.
2, 7, 19, 47
What are the prime factors of 24896?
2, 389
List the prime factors of 78166.
2, 11, 17, 19
List the prime factors of 10810.
2, 5, 23, 47
List the prime factors of 915.
3, 5, 61
List the prime factors of 20023.
20023
What are the prime factors of 11032?
2, 7, 197
What are the prime factors of 84539?
7, 13, 929
What are the prime factors of 3175?
5, 127
List the prime factors of 45471.
3, 23, 659
What are the prime factors of 5299?
7, 757
List the prime factors of 1175.
5, 47
What are the prime factors of 14130?
2, 3, 5, 157
What are the prime factors of 11431?
7, 23, 71
What are the prime factors of 11668?
2, 2917
List the prime factors of 39611.
11, 13, 277
What are the prime factors of 5849?
5849
What are the prime factors of 2144?
2, 67
List the prime factors of 14151.
3, 53, 89
What are the prime factors of 35646?
2, 3, 13, 457
List the prime factors of 15170.
2, 5, 37, 41
List the prime factors of 31531.
31531
List the prime factors of 1325.
5, 53
What are the prime factors of 8032?
2, 251
What are the prime factors of 175?
5, 7
List the prime factors of 2583.
3, 7, 41
List the prime factors of 4299.
3, 1433
List the prime factors of 7426.
2, 47, 79
What are the prime factors of 3668?
2, 7, 131
What are the prime factors of 8614?
2, 59, 73
List the prime factors of 2977.
13, 229
List the prime factors of 51044.
2, 7, 1823
List the prime factors of 851.
23, 37
List the prime factors of 14221.
14221
List the prime factors of 1785.
3, 5, 7, 17
What are the prime factors of 7684?
2, 17, 113
List the prime factors of 34255.
5, 13, 17, 31
List the prime factors of 13791.
3, 4597
List the prime factors of 75904.
2, 593
List the prime factors of 3191.
3191
What are the prime factors of 7209?
3, 89
List the prime factors of 1145.
5, 229
What are the prime factors of 8641?
8641
What are the prime factors of 9566?
2, 4783
What are the prime factors of 3029?
13, 233
What are the prime factors of 15101?
15101
What are the prime factors of 9456?
2, 3, 197
List the prime factors of 808.
2, 101
List the prime factors of 1258.
2, 17, 37
List the prime factors of 5166.
2, 3, 7, 41
List the prime factors of 25508.
2, 7, 911
What are the prime factors of 4840?
2, 5, 11
What are the prime factors of 146180?
2, 5, 7309
List the prime factors of 11984.
2, 7, 107
List the prime factors of 19636.
2, 4909
What are the prime factors of 1143?
3, 127
List the prime factors of 10337.
10337
List the prime factors of 6354.
2, 3, 353
What are the prime factors of 14406?
2, 3, 7
What are the prime factors of 11503?
11503
What are the prime factors of 1307?
1307
List the prime factors of 1207.
17, 71
List the prime factors of 805.
5, 7, 23
What are the prime factors of 2872?
2, 359
What are the prime factors of 8321?
53, 157
List the prime factors of 2969.
2969
What are the prime factors of 2183?
37, 59
List the prime factors of 337.
337
List the prime factors of 67872.
2, 3, 7, 101
What are the prime factors of 1017?
3, 113
What are the prime factors of 524?
2, 131
List the prime factors of 15937.
15937
List the prime factors of 1090.
2, 5, 109
What are the prime factors of 2477?
2477
List the prime factors of 11933.
11933
List the prime factors of 327.
3, 109
List the prime factors of 44696.
2, 37, 151
List the prime factors of 3468.
2, 3, 17
List the prime factors of 1621.
1621
List the prime factors of 4819.
61, 79
List the prime factors of 843.
3, 281
List the prime factors of 1138.
2, 569
What are the prime factors of 4055?
5, 811
What are the prime factors of 41151?
3, 11, 29, 43
List the prime factors of 1597.
1597
List the prime factors of 206.
2, 103
What are the prime factors of 36139?
71, 509
List the prime factors of 2637.
3, 293
What are the prime factors of 529?
23
List the prime factors of 70720.
2, 5, 13, 17
What are the prime factors of 774?
2, 3, 43
What are the prime factors of 1724?
2, 431
List the prime factors of 725.
5, 29
What are the prime factors of 3810?
2, 3, 5, 127
What are the prime factors of 89426?
2, 61, 733
What are the prime factors of 25772?
2, 17, 379
List the prime factors of 10416.
2, 3, 7, 31
What are the prime factors of 756?
2, 3, 7
List the prime factors of 40315.
5, 11, 733
What are the prime factors of 1916?
2, 479
List the prime factors of 13595.
5, 2719
List the prime factors of 30617.
17, 1801
What are the prime factors of 355?
5, 71
List the prime factors of 2568.
2, 3, 107
What are the prime factors of 1103?
1103
What are the prime factors of 703?
19, 37
List the prime factors of 3026.
2, 17, 89
What are the prime factors of 95929?
95929
What are the prime factors of 3342?
2, 3, 557
What are the prime factors of 6061?
11, 19, 29
List the prime factors of 9542.
2, 13, 367
List the prime factors of 34169.
47, 727
List the prime factors of 925.
5, 37
List the prime factors of 2250.
2, 3, 5
What are the prime factors of 58807?
7, 31, 271
What are the prime factors of 234?
2, 3, 13
What are the prime factors of 3395?
5, 7, 97
List the prime factors of 53292.
2, 3, 4441
What are the prime factors of 1892?
2, 11, 43
List the prime factors of 4615.
5, 13, 71
List the prime factors of 5436.
2, 3, 151
What are the prime factors of 4894?
2, 2447
What are the prime factors of 645?
3, 5, 43
List the prime factors of 3594.
2, 3, 599
List the prime factors of 253.
11, 23
List the prime factors of 58129.
58129
What are the prime factors of 6771?
3, 37, 61
List the prime factors of 27578.
2, 13789
What are the prime factors of 664?
2, 83
What are the prime factors of 24290?
2, 5, 7, 347
List the prime factors of 29555.
5, 23, 257
What are the prime factors of 9140?
2, 5, 457
What are the prime factors of 10144?
2, 317
What are the prime factors of 8017?
8017
List the prime factors of 598.
2, 13, 23
List the prime factors of 498.
2, 3, 83
What are the prime factors of 39269?
107, 367
What are the prime factors of 6136?
2, 13, 59
What are the prime factors of 9489?
3, 3163
List the prime factors of 38149.
38149
What are the prime factors of 15065?
5, 23, 131
What are the prime factors of 13462?
2, 53, 127
What are the prime factors of 2850?
2, 3, 5, 19
List the prime factors of 7218.
2, 3, 401
List the prime factors of 9416.
2, 11, 107
What are the prime factors of 436?
2, 109
What are the prime factors of 7942?
2, 11, 19
List the prime factors of 14546.
2, 7, 1039
What are the prime factors of 15718?
2, 29, 271
What are the prime factor